n d is divided by x(-101)?
0
Let c = -17 + 16. What is the remainder when 276/(-36)*3/1*c is divided by 12?
11
Let h(u) = -4*u**3 + 6*u**3 - 3*u**2 + u + 9*u**3 - 10 + 14. What is the remainder when h(2) is divided by 21?
19
Let i(r) = -r**3 - 2*r**2 - r. Let t be i(-1). Suppose -q + 6*q - 50 = t. Let p(m) = -m**2 + 9*m + 13. Calculate the remainder when 4 is divided by p(q).
1
Let b be (-3 - 2)/(4 - 5). Let n = -6 + b. Let s(j) = -81*j**3 + j**2. What is the remainder when s(n) is divided by 21?
19
Suppose 2*k - k = -o + 9, -3*k - 5*o = -33. Let d = 28 + k. What is the remainder when d is divided by 9?
7
Let i(f) = f**3 - 10*f**2 + 2*f + 10. Let s be 9 - 4/(2 + 2). Suppose -3*a - r + 29 = 0, -5*a = -r - 51 - s. What is the remainder when i(10) is divided by a?
8
Let j = -28 - -126. Let o = j - 56. What is the remainder when o is divided by 15?
12
Let j be 1 + 501/5 - 1/5. Suppose 9 = 10*g - j. Calculate the remainder when 30 is divided by g.
8
Suppose 34 = w + 3*d, -2*w + 5*d = 2*w - 119. Suppose -112 + 568 = 24*q. Calculate the remainder when w is divided by q.
12
Let l = 22 + -11. Let i = 24 - l. Suppose -5*m + i = 3. Calculate the remainder when 6 is divided by m.
0
Let f(l) be the second derivative of 2/3*l**4 + 1/2*l**2 + 0 + 4*l + 1/6*l**3. Calculate the remainder when 22 is divided by f(-1).
6
Let k = -131 + 145. Suppose l - 3*l + 2 = 0. What is the remainder when k is divided by l + 5/((-5)/(-3))?
2
Suppose -4*m + 0*m = -104. Suppose 0 = -4*z + 11*z - 224. Suppose d - z = -5*q, 6*q = q - 5*d + 20. Calculate the remainder when m is divided by q.
5
Suppose -3*y = -0*y - 2*z - 841, -3*y - 2*z + 857 = 0. Let t = 443 - y. Calculate the remainder when t is divided by 27.
25
Let m(l) = 2*l**2 + 24*l - 48. What is the remainder when 160 is divided by m(-15)?
34
Suppose 0 = -86*w + 93*w - 357. What is the remainder when 138 is divided by w?
36
Let v = 36 - -10. Calculate the remainder when v is divided by ((-39)/2)/(27/(-18)).
7
Suppose -13 = -3*f - 1. Suppose 4*o = o - 15. Let i = o - -20. Calculate the remainder when i is divided by f.
3
Let h(c) = c + 2. Let f be h(4). Let l = 9 - f. Suppose 3*m - 24 = l. Calculate the remainder when 17 is divided by m.
8
Let z be 2881/8 - 4*(-7)/(-224). Suppose 4*r - z = -6*r. Calculate the remainder when 141 is divided by r.
33
Suppose 3*b - 3*h - 33 = -0*h, 0 = -5*b - 5*h + 45. Let m(f) = 58*f**3 - 2*f**2 + f. Calculate the remainder when m(1) is divided by b.
7
Suppose -3*t = -z + t + 21, 5*t = -3*z + 46. Suppose 0 = -g - 23 + 34. What is the remainder when z is divided by g?
6
Let a = -218 + 224. What is the remainder when 130 is divided by a?
4
Suppose 98*h - 7431 = 2271. Calculate the remainder when h is divided by 59.
40
Let u = 53 + -13. What is the remainder when (-5)/30 + 949/6 is divided by u?
38
Let x(o) = -o**2 - 16*o - 10. Let k be x(-13). Suppose -q = 2*l - l - 9, 0 = -3*l - 4*q + k. Calculate the remainder when 34 is divided by l.
6
Suppose 5*r - 2*r + h = 655, 5*r - 1095 = -h. What is the remainder when r is divided by 17?
16
Let y(k) = -3*k**3 - 5*k**2 + 5*k + 1. Suppose 2*u + 0*u - 82 = 0. What is the remainder when u is divided by y(-3)?
19
Suppose 2*n - 398 = 3*r - 5*r, r - 203 = -5*n. What is the remainder when r is divided by 26?
16
Let p = -143 + 168. What is the remainder when p is divided by 3?
1
Let l(j) = -j**2 + 14*j + 27. Let w be l(17). Let q(v) = -3*v + 20. Calculate the remainder when q(w) is divided by 31.
30
Let o = -606 - -638. What is the remainder when 799 is divided by o?
31
Let q be (-24)/(-2) - (2 + -4). Suppose -2 = 4*s + q. Calculate the remainder when 9 is divided by (s/10)/((-5)/50).
1
Let w = 98 - 51. Suppose 19*n - 20*n = -w. Calculate the remainder when 93 is divided by n.
46
Let c be ((-6)/(-9))/(-1*(-2)/204). Suppose 22 = 6*b - c. What is the remainder when 58 is divided by b?
13
Let o be 1/(-7) - 272/56. What is the remainder when (-2)/5 + (-437)/o is divided by 30?
27
Let d(c) = -3*c - 47. Let k be d(-17). Suppose 4*m - 5*n = 279, 0 = 4*m + k*n - 0*n - 252. What is the remainder when m is divided by 23?
20
Suppose 44 = d + 15. What is the remainder when 85 is divided by d?
27
Let x(g) = 6*g + 79. Suppose 4*d - 3*d - 4*w = 4, -2*d - 1 = w. Let a(i) = -8*i + 3. Calculate the remainder when x(d) is divided by a(-3).
25
Suppose 0 = -26*b + 7*b + 228. What is the remainder when 106 is divided by b?
10
Let l = 63 + -38. Suppose -2*t + 39 = -l. Calculate the remainder when 92 is divided by t.
28
Let y = -262 + 273. Calculate the remainder when 602 is divided by y.
8
Let y(l) = -l**3 - 4*l**2 + 3*l + 2. Suppose 0*a = 3*a + 15. Suppose 5*t - 49 = -2*t. Calculate the remainder when y(a) is divided by t.
5
Let t(l) = -l. Let z be 100/4*2/(-5). What is the remainder when 25 is divided by t(z)?
5
Calculate the remainder when 4/((-2)/(-24) + 325/3300) is divided by 2.
0
Let d(n) = 12*n + 9. Let f be d(-6). Suppose -6*t + 10 = -20. Let p = t - f. What is the remainder when p is divided by 23?
22
Suppose 0 = 2*k - 9*k + 42. Let u(j) = 9*j**2 + j - 2. Suppose 7 = 2*z + 5. Calculate the remainder when u(z) is divided by k.
2
What is the remainder when 6/(-16) + (36990/80)/9 is divided by 28?
23
Let g be 3 - (-1 + -258 - 3). Suppose -g = -9*u + 284. Calculate the remainder when u is divided by 17.
10
Let k be (-18)/(-10)*(0 - -45). Suppose -3*l + 39 + k = 0. Calculate the remainder when 79 is divided by l.
39
Let s(r) = 10*r**3 - 3*r**2 - 2*r - 3. What is the remainder when 225 is divided by s(2)?
42
What is the remainder when 245 is divided by 54/(-180) + (-1666)/(-20)?
79
Suppose x + v - 10 = -x, -55 = -5*x + 5*v. Suppose -4*n = -0*q - 5*q - 1, 0 = -5*q + 2*n + x. What is the remainder when 194/22 - 64/(-352) is divided by q?
0
Suppose -2*z + 6 = 4*f + f, 3*f - 16 = 5*z. Let v be (12 - 3)/(3/z). Let q = v - -13. What is the remainder when 46 is divided by q?
4
Let s(c) = 3*c + 11. Let t be s(8). Suppose 32 = o - t. Suppose -o = -3*u - 0*w + 2*w, -3*u - 3*w + 57 = 0. What is the remainder when 60 is divided by u?
18
Let s be 9 - ((-2)/1 - -5). Let o(l) = -l**2 + 6*l - 6. Let m be o(4). What is the remainder when s/12*(m + 4) is divided by 3?
0
Let g = 502 - 448. Calculate the remainder when 95 is divided by g.
41
Let s(p) = 14*p**2 - 23*p + 162. Calculate the remainder when s(9) is divided by 39.
36
Calculate the remainder when 86 is divided by 1204/70 + 4/5.
14
Suppose 247 = -4*m + 439. Calculate the remainder when 863 is divided by m.
47
Let r be (-6540)/(-80) + 3/(-4). Suppose -3*k - 3*u = -120, -284 = -5*k - 2*u - r. What is the remainder when k is divided by 14?
13
Let q = -34 + 48. Suppose 3*t + 2 = q, -4*t = -c + 22. Suppose -108 = -g - c. Calculate the remainder when g is divided by 18.
16
Suppose 5*l - q - 489 = -0*q, 0 = -3*l + 2*q + 299. Let k = -69 + l. Suppose -410 = 2*o - 7*o. Calculate the remainder when o is divided by k.
26
Let j be (3*-5)/((-12)/8). Suppose 0*m - j = -2*m. Calculate the remainder when 14 is divided by m.
4
Let u = 215 - 210. What is the remainder when 8 is divided by u?
3
Let b = 443 - 345. What is the remainder when b is divided by 38?
22
Suppose -54 = -4*y + 98. Suppose 5*h + 4*v + 30 = 0, -2*h - 2*v = 11 - 1. Calculate the remainder when ((-1584)/(-20) - 4) + 2/h is divided by y.
37
Let x(a) = -107*a**3 - 2*a - 1. Suppose -o = -h - 6, 5*o + 3*h - 62 = -0*o. Calculate the remainder when x(-1) is divided by o.
8
Suppose 76 = 138*x - 134*x. What is the remainder when 93 is divided by x?
17
Suppose 5*f + 431 = r, 0 = -0*f - 3*f + r - 259. Let z = -44 - f. What is the remainder when z is divided by 9?
6
What is the remainder when (-57613)/(-238) - 1/14 is divided by 35?
32
Let j = -21 - -23. Suppose 2*h = -j*p - 2, 4 = -0*h - h - 2*p. Calculate the remainder when 2 is divided by h.
0
Let o = -105 + 147. Let a be (-3)/((-18)/40)*3. Let y = -9 + a. Calculate the remainder when o is divided by y.
9
Let z(u) = -6*u + 11. Let o be z(-15). Let x = -52 + o. Suppose -7 - 3 = -l. Calculate the remainder when x is divided by l.
9
Suppose h - 26*d - 19 = -31*d, 5*h = 5*d + 65. Calculate the remainder when 376 is divided by h.
12
Let q(f) = f**2 + 4*f - 9. Calculate the remainder when ((-2)/(-3))/(3/927) is divided by q(4).
22
Let b(h) = 34*h**3 +